et j(r) = -6*b(r) + 11*f(r). Give j(5).
-3
Let h(l) = -l - 3*l - 3 + 8*l**3 + 8*l - l - 2*l**2. Calculate h(1).
6
Let s(l) = -9*l. Suppose -f + 3*b = 0, 13 = 4*f - b + 2. Suppose 5*z = 3*g + 18 + 2, 13 = -2*z - f*g. Calculate s(z).
-9
Suppose 5*z = 9*z - 16. Let u be (0 + z/(-4))*-5. Suppose -q - 18 = -5*i, 4*q - 25 = -u*i + 3. Let h(x) = x**2 - x - 1. Give h(i).
11
Let w(l) = -2*l**2 - 23*l + 39. Let p be w(-13). Let v be (1 - 17 - p)*(-5)/10. Let d(g) = g**2 - 7*g - 8. Determine d(v).
0
Suppose -l + 17 = -4*p + 6, -3*l - 4*p + 33 = 0. Let f(g) = -3*g**2 + 27*g + 21. What is f(l)?
-45
Let p(j) be the third derivative of -j**6/20 + j**5/60 + j**4/24 - j**3/3 - 2*j**2 + 84*j. Determine p(1).
-6
Let d(g) be the second derivative of -g**4/12 + 5*g**3/6 + 7*g**2/2 - 2597*g. Calculate d(-3).
-17
Suppose -5*a - 392 = -4*o, 5*a = o - 145 + 32. Let w(n) = 89 + o - 183 - 11*n. Determine w(-1).
10
Suppose 4 + 12 = 4*h. Let b(l) = l**3 + h*l**2 - 8*l**2 + 0*l**2 + 7*l - 4 - 3*l**2 + l**2. Let v(f) = -f**3 - 6*f**2 - 2*f - 7. Let t be v(-6). Give b(t).
6
Let u(o) = 0*o**2 + 0*o + o**2 - 7*o. Let y = -20378 - -20384. What is u(y)?
-6
Let z be (-6)/(-2) + (-5 - -3). Let v(x) = -12 - 68*x + z + 39*x + 30*x. What is v(-8)?
-19
Let a(i) = i**3 + 2*i**2 - 1. Let o(f) = 4*f**3 + 16*f**2 - 8*f - 2. Let t(c) = -5*a(c) + o(c). Suppose -2*l = -k - 4*l - 1, -5*k + 13 = 4*l. What is t(k)?
-12
Let b(h) be the second derivative of 109*h**3/6 + 110*h**2 + 11901*h. Determine b(-2).
2
Let y(f) = -5*f + 117844*f**2 + 1 + 11 - 117845*f**2. What is y(-7)?
-2
Let y(k) be the third derivative of k**4/4 - 7*k**3/2 - 67*k**2. What is y(13)?
57
Let x(a) = a**2 - 2*a - 8. Let b = 235 - 229. Let z be (b - 6)/((-2)/(4/(-2))). Calculate x(z).
-8
Let v(i) be the third derivative of -7*i**5/12 + i**4/6 + 2*i**3/3 - 2867*i**2. Give v(-1).
-35
Let s(f) = 6*f**3 - 14*f**2 + 7. Let l(c) be the second derivative of c**5/20 - c**4/4 + c**2/2 + 145*c. Let o(g) = 11*l(g) - 2*s(g). What is o(-5)?
-3
Let n(l) = -3*l**3 + 5*l**2 - 14*l + 5. Let v be (615/(-24))/5 - 1/(-8). Let r(h) = -2*h**3 + 3*h**2 - 9*h + 3. Let z(d) = v*n(d) + 8*r(d). Give z(-2).
7
Let j(h) = 6*h**2 + 4*h + 12. Let i(t) = t**2 + t. Let c(z) = 5*i(z) - j(z). Let u be 4/(4/371) - (3 + -6). Let v = -374 + u. Calculate c(v).
-12
Let b = 7416 - 7425. Let f(a) = -a**3 - 11*a**2 - 10*a + 19. Determine f(b).
-53
Let j(i) = 81 - 25 - 31 - 24. Let v(r) = r - 1. Let a(m) = 3*j(m) - 2*v(m). Determine a(5).
-5
Suppose -4*k = -2*k + 2*i - 18, -3*k + 3*i - 3 = 0. Let h(m) = -12*m - m**2 + m + k*m + m - 3. Determine h(-5).
2
Let y(f) = 1 + 354*f**2 + 22*f**3 - 353*f**2 - 2*f - 2 - 27*f**3. What is y(2)?
-41
Suppose -54 - 56 = 4*s + 2*c, -3 = -c. Let o(n) = -4*n - 122. Give o(s).
-6
Let y(w) = w**3 - 10*w**2 - 23*w - 10. Let t(o) = o**3 + o**2 + 5*o - 1. Let l(g) = -2*t(g) + y(g). Calculate l(-8).
0
Let x(f) = 654*f**2 - 6*f + 4*f - 655*f**2 + 9. Calculate x(-8).
-39
Let u(x) = -2*x**2 + 10*x + 139. Let y(w) = 4*w**2 - 20*w - 243. Let q(g) = 7*u(g) + 4*y(g). Give q(7).
29
Let o be 84/108 - (-4 + 1 + (-25)/(-9)). Let l(x) = -10*x**3 + 2*x**2 + 10*x - 11. Calculate l(o).
-9
Let x(a) = -2*a**2 + 15*a + 7. Let w = 1253 - 1245. Determine x(w).
-1
Let k(s) = s**2 + 6*s + 5. Suppose 0 = -9*g + 4*g - 5*j + 25, -2*g + j = -1. Let q be (0 - g)/((-18)/(-36)). Determine k(q).
-3
Let t(i) = 4*i - 1. Let m(o) = o**2 - 22*o - 163. Let b be m(28). Suppose 3*f + 48*l - 14 = 52*l, 0 = b*f + 2*l + 20. Calculate t(f).
-9
Suppose 0 = -13*y + 14*y + 3*a + 11, 2*a = -10. Let i(b) = -6*b - 9*b - y - 10 + 13. What is i(-1)?
14
Suppose -19*w = 166*w + 1850. Let y = 20 + -12. Let r = y + w. Let m(n) = n**2 - 2*n. Calculate m(r).
8
Let a(v) = -4*v**2 + 12*v + 13. Let p(n) be the first derivative of -n**3/3 + n**2/2 + n - 79. Let k(h) = -a(h) + 5*p(h). Let i = 4 + -11. Give k(i).
-8
Let f(c) be the first derivative of c**3 - 12*c**2 + 7*c - 9903. Calculate f(9).
34
Let s(w) = -w**2 + 8*w - 9. Let d(m) = 3*m**2 - 25*m + 29. Let r(n) = 2*d(n) + 7*s(n). Let c(x) = 6*x + 10. Let z be c(-1). Calculate r(z).
3
Let o(k) = -17*k**2 - k - 15. Let f(x) = -6*x**2 - 4. Let z(j) = -3*f(j) + o(j). Suppose p - 3 + 13 = 5*g, 4*p = 0. Give z(g).
-1
Let p(k) be the third derivative of k**5/60 - 19*k**4/24 - 62*k**3/3 - 20*k**2 - 39. What is p(24)?
-4
Suppose -5*z = -5*d - 15, -26*z + 30*z - 20 = 0. Let h(b) = -20*b**2 + 8*b**2 + 4*b**2 - 2*b + 3*b**3 + 9*b**d + 2*b**3. Give h(1).
4
Let v(i) be the first derivative of -i**2/2 - 5*i - 44. Let u be 3/3 - (-3)/(-15)*5. Suppose 0 = -2*p - 5*l - 1, u = -6*l + l + 5. What is v(p)?
-2
Let f(l) = 341*l + 5. Let i(p) = -6906*p - 102. Let u(s) = -81*f(s) - 4*i(s). Let x(j) = -2*j - 2. Let o be x(-2). Calculate u(o).
9
Let i(l) = -l**3 - 49*l**2 - 48*l - 18. Let y be i(-48). Let p(x) = -2*x**2 - 36*x - 1. Determine p(y).
-1
Suppose -2*s - 127 = -343. Let d = s - 104. Let j(b) = -d + 4*b**2 + 7*b + 2*b**2 + 5 - 5*b**2. Determine j(-7).
1
Let g = 156 - 153. Let b(k) = k**2 - 3*k**2 + 8*k - 878 + 874. Let l(z) = 3*z**2 - 9*z + 4. Let c(v) = -4*b(v) - 3*l(v). Give c(g).
-20
Let f(a) = 8*a**3 - 19*a**2 + 4*a + 25. Let n(u) = -22*u**3 + 57*u**2 - 11*u - 72. Let s(z) = 17*f(z) + 6*n(z). Calculate s(-5).
-42
Let z = 35 + -45. Let d be (-3)/(20/(-50) - (-6)/z). Let r(w) = 2*w**2 - 4*w + 4. What is r(d)?
10
Let x(a) = 2*a**3 - a**2 - a. Let d be ((-18)/24)/(1/(-4)). Let m be (d + (-3 - -1))/(3/(-15)). Let k be m/10 - (-2)/(-4). Give x(k).
-2
Suppose 4*u - 30 = -2*u. Let k(a) = -2*a - 1 - a**2 + a**3 + u*a - 2*a + a. Give k(2).
7
Suppose l + 5 = 11. Suppose -3*t + 4*a - 8*a = -12, a + 12 = 3*t. Let w(x) = -227 + x**2 - t*x + 225 + 11*x - 2*x**2. Calculate w(l).
4
Let t = -55 - 5. Let p be (-2)/((-10)/4*16/t). Let x(r) = r**3 + 4*r**2 + r + 4. Calculate x(p).
10
Let c(m) = -m**3 - 5*m**2 + 4*m - 5. Suppose 8*l = 7*l + 3*v + 9, 0 = 2*v - 6. Suppose 3*j = 3*o + 27, -5*j + 3 + l = -o. What is c(o)?
7
Let i(v) = -4*v**2 + 102*v + 26. Let w be i(26). Let l(j) = j**3 + 24*j**2 - 50*j + 59. What is l(w)?
7
Let q be (33 + 2)*(-78)/7. Let r = q - -384. Let h(y) = -y**2 - 4*y + 7. What is h(r)?
-5
Let s(c) = -13*c + 9. Let u(r) = 4*r - 3. Let h(j) = -2*s(j) - 7*u(j). Suppose 272*l = 285*l + 39. What is h(l)?
9
Let k(d) = -d + 15. Let c be k(11). Let z(g) = 2*g - 9 + c + 0 + 3. What is z(6)?
10
Let b(w) be the third derivative of -w**5/10 + w**4/12 - w**3/6 + 2334*w**2. Give b(-1).
-9
Suppose -1648 + 1672 = -3*r. Let j(a) = a**3 + 6*a**2 - 15*a - 1. Calculate j(r).
-9
Let g(k) be the second derivative of -k**6/720 + k**5/40 + 3*k**4/2 + k + 8. Let n(x) be the third derivative of g(x). Suppose -s = -2*s + 9. Give n(s).
-6
Let s(f) = 3*f**3 - 5*f**2 - 4*f - 13. Let v(z) = 13*z**3 - 21*z**2 - 18*z - 50. Let t(b) = 9*s(b) - 2*v(b). What is t(4)?
-1
Let l(h) = -6*h**2 - 381*h + 380*h - 44*h**2. Let p = 470 - 471. Give l(p).
-49
Let s be (((-100)/16)/(-5))/(2/8). Suppose -20 = -s*n, -y + 5*y - n = 16. Let g(b) = b**2 - 6*b - 3. What is g(y)?
-8
Let m(r) = -14*r**2 + 2*r**2 - 5*r**2 - 1. Let y = -29 + 31. Suppose -d = -y*d + 1. Calculate m(d).
-18
Let q(c) = -90*c**2 + 542*c - 13. Suppose 3*v = -3*u + 36, 5*u - 187 = -157. Calculate q(v).
-1
Suppose -9*c + 2*c + 28 = 0. Suppose -6*f = -4*f - c. Suppose -3*s = 0, k + 2 - 4 = -f*s. Let h(v) = v. What is h(k)?
2
Suppose 2*l - 2 = 4. Suppose -4*y = -l*y + 4. Let v(s) = 8*s + 9 - 7 - 2*s - 6 + s**2 - 4 + 13. Calculate v(y).
-3
Let g(d) = -d**3 - 5*d**2 - 4*d - 2. Let i = -326 - -329. Suppose 5*c + 36 = 4*m - 8*m, -m = -i*c - 8. Determine g(m).
-2
Let y(o) be the first derivative of o**5/20 - o**4/4 + o**3/3 - 2*o**2 + 180*o - 169. Let c(z) be the first derivative of y(z). Determine c(3).
2
Let o = 257 + -233. Suppose 5*d + 0*s = -2*s - 55, -3*d - 3*s = o. Let j(f) = -f - 7. Calculate j(d).
6
Suppose 3*t - 23 = f, 3*t - 2*f - 19 - 9 = 0. Let h(v) = v**2 - 7*v - 4. Let g(j) = -3*j**2 + 21*j + 12. Let p(m) = t*g(m) + 17*h(m). What is p(7)?
4
Suppose 1011*h - 1009*h - 32 = 0. Let g(u) be the first derivative of u**4/4 - 5*u**3 - 15*u**2/2 - 16*u - 1. Calculate g(h).
0
Let f be 1 - 9/7 - (-120)/28. Suppose -3*m - f*m = 0. Let h(u) = 10*u - 10*u - u**2 + 4. Determine h(m).
4
Let d(l) = -l**2 - 31*l - 83. Let h = 1809 + -1837. Give d(h).